{"id":25356,"date":"2022-10-11T16:01:27","date_gmt":"2022-10-11T16:01:27","guid":{"rendered":"https:\/\/ruedadenegocios.cadexco.bo\/?page_id=25356"},"modified":"2023-06-01T21:49:53","modified_gmt":"2023-06-01T21:49:53","slug":"home4","status":"publish","type":"page","link":"https:\/\/ruedadenegocios.cadexco.bo\/index.php\/home4\/","title":{"rendered":"Home3"},"content":{"rendered":"<p><a href=\"https:\/\/form.jotform.com\/222996317992674\" target=\"_blank\" role=\"button\" rel=\"noopener\"><br \/>\nRegistrarse<br \/>\n<\/a><\/p>\n<style>\/*! elementor - v3.7.8 - 02-10-2022 *\/<br \/>\n.elementor-widget-image{text-align:center}.elementor-widget-image a{display:inline-block}.elementor-widget-image a img[src$=\".svg\"]{width:48px}.elementor-widget-image img{vertical-align:middle;display:inline-block}<\/style>\n<p>\t\t\t\t\t\t\t\t\t\t\t\t<img loading=\"lazy\" decoding=\"async\" width=\"768\" height=\"261\" src=\"https:\/\/ruedadenegocios.cadexco.bo\/wp-content\/uploads\/2022\/10\/expocons-768x261.png\" alt=\"\" loading=\"lazy\" srcset=\"https:\/\/ruedadenegocios.cadexco.bo\/wp-content\/uploads\/2022\/10\/expocons-768x261.png 768w, https:\/\/ruedadenegocios.cadexco.bo\/wp-content\/uploads\/2022\/10\/expocons-300x102.png 300w, https:\/\/ruedadenegocios.cadexco.bo\/wp-content\/uploads\/2022\/10\/expocons-600x204.png 600w, https:\/\/ruedadenegocios.cadexco.bo\/wp-content\/uploads\/2022\/10\/expocons.png 815w\" sizes=\"auto, (max-width: 768px) 100vw, 768px\"><\/p>\n<style>\/*! elementor - v3.7.8 - 02-10-2022 *\/<br \/>\n.elementor-widget-image-box .elementor-image-box-content{width:100%}@media (min-width:768px){.elementor-widget-image-box.elementor-position-left .elementor-image-box-wrapper,.elementor-widget-image-box.elementor-position-right .elementor-image-box-wrapper{display:-webkit-box;display:-ms-flexbox;display:flex}.elementor-widget-image-box.elementor-position-right .elementor-image-box-wrapper{text-align:right;-webkit-box-orient:horizontal;-webkit-box-direction:reverse;-ms-flex-direction:row-reverse;flex-direction:row-reverse}.elementor-widget-image-box.elementor-position-left .elementor-image-box-wrapper{text-align:left;-webkit-box-orient:horizontal;-webkit-box-direction:normal;-ms-flex-direction:row;flex-direction:row}.elementor-widget-image-box.elementor-position-top .elementor-image-box-img{margin:auto}.elementor-widget-image-box.elementor-vertical-align-top .elementor-image-box-wrapper{-webkit-box-align:start;-ms-flex-align:start;align-items:flex-start}.elementor-widget-image-box.elementor-vertical-align-middle .elementor-image-box-wrapper{-webkit-box-align:center;-ms-flex-align:center;align-items:center}.elementor-widget-image-box.elementor-vertical-align-bottom .elementor-image-box-wrapper{-webkit-box-align:end;-ms-flex-align:end;align-items:flex-end}}@media (max-width:767px){.elementor-widget-image-box .elementor-image-box-img{margin-left:auto!important;margin-right:auto!important;margin-bottom:15px}}.elementor-widget-image-box .elementor-image-box-img{display:inline-block}.elementor-widget-image-box .elementor-image-box-title a{color:inherit}.elementor-widget-image-box .elementor-image-box-wrapper{text-align:center}.elementor-widget-image-box .elementor-image-box-description{margin:0}<\/style>\n<p>Centro de Eventos y Convenci\u00f3n \u201cEl Portal\u201d<\/p>\n<h2>11 De Noviembre<\/h2>\n<style>\/*! elementor-pro - v3.7.7 - 20-09-2022 *\/<br \/>\n.elementor-widget-countdown .elementor-countdown-expire--message{display:none;padding:20px;text-align:center}.elementor-widget-countdown .elementor-countdown-wrapper{-webkit-box-orient:horizontal;-webkit-box-direction:normal;-ms-flex-direction:row;flex-direction:row}.elementor-widget-countdown .elementor-countdown-item{padding:20px 0;text-align:center;color:#fff}.elementor-widget-countdown .elementor-countdown-digits,.elementor-widget-countdown .elementor-countdown-label{line-height:1}.elementor-widget-countdown .elementor-countdown-digits{font-size:69px}.elementor-widget-countdown .elementor-countdown-label{font-size:19px}.elementor-widget-countdown.elementor-countdown--label-block .elementor-countdown-wrapper{display:-webkit-box;display:-ms-flexbox;display:flex;-webkit-box-pack:center;-ms-flex-pack:center;justify-content:center;margin-right:auto;margin-left:auto}.elementor-widget-countdown.elementor-countdown--label-block .elementor-countdown-digits,.elementor-widget-countdown.elementor-countdown--label-block .elementor-countdown-label{display:block}.elementor-widget-countdown.elementor-countdown--label-block .elementor-countdown-item{-ms-flex-preferred-size:0;flex-basis:0;-webkit-box-flex:1;-ms-flex-positive:1;flex-grow:1}.elementor-widget-countdown.elementor-countdown--label-inline{text-align:center}.elementor-widget-countdown.elementor-countdown--label-inline .elementor-countdown-item{display:inline-block;padding-left:5px;padding-right:5px}<\/style>\n<p>\t\t\t D\u00edas Horas Minutos Segundos<\/p>\n<h2>Sea parte del gran evento:<\/h2>\n<p>Un espacio especializado, donde las empresas participantes tendr\u00e1n la oportunidad de encontrarse y generar negocios, ofertando y demandando productos o servicios relacionados al rubro de la construcci\u00f3n, mediante citas entre s\u00ed, generadas a partir de una previa selecci\u00f3n, seg\u00fan los requerimientos de cada participante.<\/p>\n<style>\/*! elementor - v3.7.8 - 02-10-2022 *\/<br \/>\n.elementor-accordion{text-align:left}.elementor-accordion .elementor-accordion-item{border:1px solid #d4d4d4}.elementor-accordion .elementor-accordion-item+.elementor-accordion-item{border-top:none}.elementor-accordion .elementor-tab-title{margin:0;padding:15px 20px;font-weight:700;line-height:1;cursor:pointer;outline:none}.elementor-accordion .elementor-tab-title .elementor-accordion-icon{display:inline-block;width:1.5em}.elementor-accordion .elementor-tab-title .elementor-accordion-icon svg{width:1em;height:1em}.elementor-accordion .elementor-tab-title .elementor-accordion-icon.elementor-accordion-icon-right{float:right;text-align:right}.elementor-accordion .elementor-tab-title .elementor-accordion-icon.elementor-accordion-icon-left{float:left;text-align:left}.elementor-accordion .elementor-tab-title .elementor-accordion-icon .elementor-accordion-icon-closed{display:block}.elementor-accordion .elementor-tab-title .elementor-accordion-icon .elementor-accordion-icon-opened,.elementor-accordion .elementor-tab-title.elementor-active .elementor-accordion-icon-closed{display:none}.elementor-accordion .elementor-tab-title.elementor-active .elementor-accordion-icon-opened{display:block}.elementor-accordion .elementor-tab-content{display:none;padding:15px 20px;border-top:1px solid #d4d4d4}@media (max-width:767px){.elementor-accordion .elementor-tab-title{padding:12px 15px}.elementor-accordion .elementor-tab-title .elementor-accordion-icon{width:1.2em}.elementor-accordion .elementor-tab-content{padding:7px 15px}}.e-container>.elementor-widget-accordion{width:var(--container-widget-width,100%)}<\/style>\n<p>\t\t\t\t\t\t\t\t\t\t\t\t<a href=\"\">\u00bfQui\u00e9nes participan?<\/a><\/p>\n<ul>\n<li>&nbsp;Automatizaci\u00f3n residencial e industrial y tecnolog\u00eda<\/li>\n<li>Dise\u00f1o de interiores, decoraci\u00f3n y paisajismo<\/li>\n<li>Sistemas de iluminaci\u00f3n y material el\u00e9ctrico<\/li>\n<li>Equipamiento para el hogar<\/li>\n<li>Constructoras<\/li>\n<li>Escuelas t\u00e9cnicas del sector<\/li>\n<li>Entidades financieras<\/li>\n<li>Entidades p\u00fablicas<\/li>\n<li>Materiales, herramientas e insumos para la construcci\u00f3n<\/li>\n<li>Maquinaria, equipos y servicios para la infraestructura<\/li>\n<li>Acabados arquitect\u00f3nicos: grifer\u00eda, porcelana, sanitaria, madera, puertas, cerraduras, vidrio, perfiler\u00eda<\/li>\n<li>Revestimientos y pintura<\/li>\n<li>Sistemas de climatizaci\u00f3n y calefacci\u00f3n<\/li>\n<li>Bienes ra\u00edces e inmobiliarias<\/li>\n<li>Aseguradoras<\/li>\n<li>Servicios para la construcci\u00f3n<\/li>\n<li>Otros<\/li>\n<\/ul>\n<p><a href=\"\">Ventajas de participar:<\/a><\/p>\n<ul>\n<li>Ampl\u00eda tu red de contactos de una forma f\u00e1cil y r\u00e1pida<\/li>\n<li>Ahorra tiempo y dinero<\/li>\n<li>Obt\u00e9n reuniones efectivas con empresas de tu inter\u00e9s<\/li>\n<li style=\"list-style-type: none;\">&nbsp;<\/li>\n<\/ul>\n<p><a href=\"\">\u00bfQu\u00e9 incluye mi participaci\u00f3n?<\/a><\/p>\n<ul>\n<li>Agenda de citas de negocio con empresas de su inter\u00e9s.<\/li>\n<li>Acceso al directorio digital de todos los participantes.<\/li>\n<li>Participaci\u00f3n de dos personas de su empresa.<\/li>\n<\/ul>\n<style>\/*! elementor - v3.7.8 - 02-10-2022 *\/<br \/>\n.elementor-column .elementor-spacer-inner{height:var(--spacer-size)}.e-container{--container-widget-width:100%}.e-container>.elementor-widget-spacer{width:var(--container-widget-width,var(--spacer-size));-ms-flex-item-align:stretch;align-self:stretch;-ms-flex-negative:0;flex-shrink:0}.e-container>.elementor-widget-spacer>.elementor-widget-container,.e-container>.elementor-widget-spacer>.elementor-widget-container>.elementor-spacer{height:100%}.e-container>.elementor-widget-spacer>.elementor-widget-container>.elementor-spacer>.elementor-spacer-inner{height:var(--container-widget-height,var(--spacer-size))}<\/style>\n","protected":false},"excerpt":{"rendered":"<p>Registrarse Centro de Eventos y Convenci\u00f3n \u201cEl Portal\u201d 11 De Noviembre D\u00edas Horas Minutos Segundos Sea parte del gran evento: Un espacio especializado, donde las empresas participantes tendr\u00e1n la oportunidad de encontrarse y generar negocios, ofertando y demandando productos o servicios relacionados al rubro de la construcci\u00f3n, mediante citas entre s\u00ed, generadas a partir de [&hellip;]<\/p>\n","protected":false},"author":1,"featured_media":0,"parent":0,"menu_order":0,"comment_status":"closed","ping_status":"closed","template":"","meta":{"site-sidebar-layout":"no-sidebar","site-content-layout":"page-builder","ast-site-content-layout":"","site-content-style":"default","site-sidebar-style":"default","ast-global-header-display":"","ast-banner-title-visibility":"","ast-main-header-display":"","ast-hfb-above-header-display":"","ast-hfb-below-header-display":"","ast-hfb-mobile-header-display":"","site-post-title":"disabled","ast-breadcrumbs-content":"","ast-featured-img":"disabled","footer-sml-layout":"","theme-transparent-header-meta":"enabled","adv-header-id-meta":"","stick-header-meta":"","header-above-stick-meta":"","header-main-stick-meta":"","header-below-stick-meta":"","astra-migrate-meta-layouts":"default","ast-page-background-enabled":"default","ast-page-background-meta":{"desktop":{"background-color":"","background-image":"","background-repeat":"repeat","background-position":"center center","background-size":"auto","background-attachment":"scroll","background-type":"","background-media":"","overlay-type":"","overlay-color":"","overlay-opacity":"","overlay-gradient":""},"tablet":{"background-color":"","background-image":"","background-repeat":"repeat","background-position":"center center","background-size":"auto","background-attachment":"scroll","background-type":"","background-media":"","overlay-type":"","overlay-color":"","overlay-opacity":"","overlay-gradient":""},"mobile":{"background-color":"","background-image":"","background-repeat":"repeat","background-position":"center center","background-size":"auto","background-attachment":"scroll","background-type":"","background-media":"","overlay-type":"","overlay-color":"","overlay-opacity":"","overlay-gradient":""}},"ast-content-background-meta":{"desktop":{"background-color":"var(--ast-global-color-5)","background-image":"","background-repeat":"repeat","background-position":"center center","background-size":"auto","background-attachment":"scroll","background-type":"","background-media":"","overlay-type":"","overlay-color":"","overlay-opacity":"","overlay-gradient":""},"tablet":{"background-color":"var(--ast-global-color-5)","background-image":"","background-repeat":"repeat","background-position":"center center","background-size":"auto","background-attachment":"scroll","background-type":"","background-media":"","overlay-type":"","overlay-color":"","overlay-opacity":"","overlay-gradient":""},"mobile":{"background-color":"var(--ast-global-color-5)","background-image":"","background-repeat":"repeat","background-position":"center center","background-size":"auto","background-attachment":"scroll","background-type":"","background-media":"","overlay-type":"","overlay-color":"","overlay-opacity":"","overlay-gradient":""}},"footnotes":""},"class_list":["post-25356","page","type-page","status-publish","hentry"],"_links":{"self":[{"href":"https:\/\/ruedadenegocios.cadexco.bo\/index.php\/wp-json\/wp\/v2\/pages\/25356","targetHints":{"allow":["GET"]}}],"collection":[{"href":"https:\/\/ruedadenegocios.cadexco.bo\/index.php\/wp-json\/wp\/v2\/pages"}],"about":[{"href":"https:\/\/ruedadenegocios.cadexco.bo\/index.php\/wp-json\/wp\/v2\/types\/page"}],"author":[{"embeddable":true,"href":"https:\/\/ruedadenegocios.cadexco.bo\/index.php\/wp-json\/wp\/v2\/users\/1"}],"replies":[{"embeddable":true,"href":"https:\/\/ruedadenegocios.cadexco.bo\/index.php\/wp-json\/wp\/v2\/comments?post=25356"}],"version-history":[{"count":18,"href":"https:\/\/ruedadenegocios.cadexco.bo\/index.php\/wp-json\/wp\/v2\/pages\/25356\/revisions"}],"predecessor-version":[{"id":25401,"href":"https:\/\/ruedadenegocios.cadexco.bo\/index.php\/wp-json\/wp\/v2\/pages\/25356\/revisions\/25401"}],"wp:attachment":[{"href":"https:\/\/ruedadenegocios.cadexco.bo\/index.php\/wp-json\/wp\/v2\/media?parent=25356"}],"curies":[{"name":"wp","href":"https:\/\/api.w.org\/{rel}","templated":true}]}}